{"id":4194,"date":"2021-11-25T16:12:46","date_gmt":"2021-11-25T15:12:46","guid":{"rendered":"https:\/\/origen.madridemprende.anovagroup.es\/?post_type=entidades_colab&#038;p=4194"},"modified":"2021-11-25T16:12:46","modified_gmt":"2021-11-25T15:12:46","slug":"ministerio-de-economia-industria-y-competitividad","status":"publish","type":"entidades_colab","link":"https:\/\/test.madridemprende.anovagroup.es\/fr\/entidades_colab\/ministerio-de-economia-industria-y-competitividad\/","title":{"rendered":"Minist\u00e8re de l&#039;Economie, de l&#039;Industrie et de la Comp\u00e9titivit\u00e9"},"content":{"rendered":"<p>Minist\u00e8re de l&#039;Economie, de l&#039;Industrie et de la Comp\u00e9titivit\u00e9.<br \/>\nLe Minist\u00e8re de l&#039;Economie, de l&#039;Industrie et de la Comp\u00e9titivit\u00e9 est charg\u00e9 de proposer et d&#039;ex\u00e9cuter la politique \u00e9conomique du Gouvernement et les r\u00e9formes visant \u00e0 am\u00e9liorer la comp\u00e9titivit\u00e9, le d\u00e9veloppement industriel, la recherche scientifique, le d\u00e9veloppement technologique et l&#039;innovation dans tous les secteurs, la politique commerciale et d&#039;appui \u00e0 l&#039;entreprise, ainsi que le reste des pouvoirs et pouvoirs conf\u00e9r\u00e9s par le syst\u00e8me juridique.<\/p>\n<p>Accord de collaboration en vigueur<\/p>","protected":false},"author":24,"featured_media":0,"template":"","class_list":["post-4194","entidades_colab","type-entidades_colab","status-publish","hentry"],"acf":[],"_links":{"self":[{"href":"https:\/\/test.madridemprende.anovagroup.es\/fr\/wp-json\/wp\/v2\/entidades_colab\/4194","targetHints":{"allow":["GET"]}}],"collection":[{"href":"https:\/\/test.madridemprende.anovagroup.es\/fr\/wp-json\/wp\/v2\/entidades_colab"}],"about":[{"href":"https:\/\/test.madridemprende.anovagroup.es\/fr\/wp-json\/wp\/v2\/types\/entidades_colab"}],"author":[{"embeddable":true,"href":"https:\/\/test.madridemprende.anovagroup.es\/fr\/wp-json\/wp\/v2\/users\/24"}],"wp:attachment":[{"href":"https:\/\/test.madridemprende.anovagroup.es\/fr\/wp-json\/wp\/v2\/media?parent=4194"}],"curies":[{"name":"wp","href":"https:\/\/api.w.org\/{rel}","templated":true}]}}

Ministère de l&#039;Economie, de l&#039;Industrie et de la Compétitivité

<p>Ministère de l&#039;Economie, de l&#039;Industrie et de la Compétitivité.<br />
Le Ministère de l&#039;Economie, de l&#039;Industrie et de la Compétitivité est chargé de proposer et d&#039;exécuter la politique économique du Gouvernement et les réformes visant à améliorer la compétitivité, le développement industriel, la recherche scientifique, le développement technologique et l&#039;innovation dans tous les secteurs, la politique commerciale et d&#039;appui à l&#039;entreprise, ainsi que le reste des pouvoirs et pouvoirs conférés par le système juridique.</p>
<p>Accord de collaboration en vigueur</p>
